se
Is 15568363 a composite number?
True
Is 16235143 composite?
False
Is 3800429 a prime number?
True
Is 290288071 a composite number?
True
Is 5751985 composite?
True
Is 1046779 composite?
False
Is 401014387 composite?
True
Is 404782879 a composite number?
True
Is 649183 prime?
True
Is 24294031 a prime number?
True
Is 29413 prime?
False
Is 195130083 composite?
True
Is 163854443 a prime number?
True
Is 53453177 a prime number?
False
Is 116140169 a composite number?
False
Is 5821117 a composite number?
True
Is 170477647 composite?
False
Is 15504035 composite?
True
Is 306962677 composite?
True
Is 6704149 a composite number?
False
Is 25170517 a composite number?
False
Is 2311081 composite?
True
Is 83063621 a composite number?
True
Is 111566701 a composite number?
False
Is 4978619 prime?
False
Is 1061677 composite?
False
Is 2531293 composite?
False
Is 1917946 composite?
True
Is 2521529 a composite number?
True
Is 4067887 a prime number?
False
Is 80538023 prime?
False
Is 486859 a prime number?
False
Is 627329 composite?
False
Is 16712459 prime?
True
Is 22562521 a composite number?
False
Is 4429657 prime?
True
Is 17839951 a composite number?
False
Is 15851839 a prime number?
True
Is 92821 prime?
True
Is 8394851 a prime number?
True
Is 23899823 a composite number?
False
Is 508372241 prime?
False
Is 28689103 prime?
False
Is 120898777 a composite number?
True
Is 810241 prime?
False
Is 2965082 composite?
True
Is 412421397 prime?
False
Is 169962833 prime?
True
Is 110679523 composite?
False
Is 29173129 composite?
False
Is 841727 a composite number?
False
Is 1285679 a composite number?
False
Is 860351 composite?
False
Is 223619765 a composite number?
True
Is 28892753 composite?
False
Is 16407527 a composite number?
False
Is 313476313 a prime number?
False
Is 2759189 a composite number?
False
Is 508787 composite?
True
Is 3443113 a prime number?
True
Is 11975609 prime?
True
Is 10529 a composite number?
False
Is 14298811 composite?
True
Is 261223 composite?
False
Is 108133 composite?
True
Is 15832651 a composite number?
False
Is 17617879 a composite number?
False
Is 289987 a prime number?
True
Is 141401321 a composite number?
False
Is 41440141 prime?
True
Is 76395621 a prime number?
False
Is 2024767 composite?
False
Is 597324103 composite?
False
Is 6185837 composite?
True
Is 30335903 composite?
True
Is 167521 composite?
False
Is 1182383 a prime number?
True
Is 36259151 prime?
True
Is 55333277 a composite number?
False
Is 1114849 composite?
False
Is 77059561 a prime number?
True
Is 109013459 a composite number?
False
Is 4543277 a composite number?
False
Is 746429 a prime number?
True
Is 7414781 a prime number?
False
Is 9714923 prime?
True
Is 406196227 a composite number?
False
Is 7971199 a prime number?
True
Is 76631 a prime number?
True
Is 196396943 a prime number?
True
Is 23269 a prime number?
True
Is 792919 a composite number?
False
Is 2454149 a composite number?
False
Is 25603541 a prime number?
True
Is 90133133 a prime number?
False
Is 376165727 prime?
False
Is 8739001 a prime number?
True
Is 67585957 a prime number?
False
Is 26802541 a composite number?
True
Is 43540379 prime?
False
Is 12434687 a prime number?
True
Is 2256811 a prime number?
True
Is 3324215 a composite number?
True
Is 59052193 a prime number?
True
Is 2272667 prime?
True
Is 83726323 composite?
True
Is 48866491 a composite number?
True
Is 25877987 a composite number?
False
Is 6483563 a prime number?
True
Is 1770389 prime?
False
Is 7992181 a prime number?
True
Is 103135073 prime?
False
Is 364407203 a composite number?
False
Is 63551339 prime?
True
Is 460394131 a prime number?
False
Is 26285969 composite?
False
Is 15907951 a composite number?
False
Is 6502393 composite?
True
Is 682209379 a prime number?
True
Is 55186429 a composite number?
False
Is 559843321 composite?
False
Is 216654091 composite?
True
Is 344111 a prime number?
True
Is 17348567 prime?
True
Is 132981659 composite?
True
Is 546757 a composite number?
True
Is 157193 a composite number?
True
Is 375296807 a composite number?
False
Is 348774919 composite?
False
Is 65903 a composite number?
True
Is 394009067 a composite number?
True
Is 770977 a composite number?
True
Is 567557909 composite?
False
Is 1050851 composite?
False
Is 36927799 composite?
False
Is 267231079 a composite number?
False
Is 6039979 composite?
True
Is 9710969 a prime number?
False
Is 237389881 prime?
True
Is 4738831 prime?
True
Is 5548007 composite?
False
Is 396421 composite?
True
Is 63838178 a prime number?
False
Is 406568869 a prime number?
False
Is 302202959 a composite number?
True
Is 693647615 a composite number?
True
Is 2235161 composite?
False
Is 19131683 composite?
False
Is 714341 a prime number?
True
Is 9355091 a prime number?
True
Is 1786627 a composite number?
True
Is 6270302 prime?
False
Is 62808001 prime?
True
Is 30527293 a composite number?
False
Is 364979 composite?
False
Is 18364223 a prime number?
False
Is 1277693 a prime number?
False
Is 8829337 composite?
True
Is 4050701 a composite number?
False
Is 9509609 a composite number?
False
Is 23674307 prime?
True
Is 63070451 a prime number?
True
Is 1570186 composite?
True
Is 21892399 composite?
False
Is 724721 composite?
False
Is 14624801 prime?
True
Is 79560823 a prime number?
False
Is 258508811 a composite number?
True
Is 710617 composite?
True
Is 915623 prime?
True
Is 1744073 a composite number?
True
Is 1225141 prime?
False
Is 54299671 a prime number?
False
Is 2081227 a composite number?
True
Is 11916829 composite?
True
Is 183893 prime?
False
Is 3691367 composite?
False
Is 57540865 prime?
False
Is 11529767 a composite number?
False
Is 33266279 composite?
True
Is 3488237 prime?
False
Is 86202437 a prime number?
True
Is 357839 a prime number?
True
Is 9669253 a prime number?
False
Is 1721789 a prime number?
False
Is 4682339 a composite number?
True
Is 857369 prime?
True
Is 12128947 a prime number?
True
Is 5173439 prime?
True
Is 2614317 composite?
True
Is 281023 prime?
True
Is 41824829 composite?
True
Is 120683338 a composite number?
True
Is 2642687 a prime number?
False
Is 25103174 a prime number?
False
Is 11017313 prime?
True
Is 1067386466 composite?
True
Is 49640543 a prime number?
True
Is 36201617 composite?
False
Is 1089397 a composite number?
False
Is 595513 a prime number?
True
Is 11726683 a prime number?
True
Is 257907011 a prime number?
False
Is 28836831 composite?
True
Is 605011 composite?
True
Is 7490621 a composite number?
True
Is 203803081 prime?
False
Is 3172493 prime?
False
Is 12890357 a composite number?
True
Is 321297121 composite?
True
Is 73893899 a prime number?
True
Is 61649431 composite?
False
Is 9597747 prime?
False
Is 11237029 a prime number?
True
Is 814938121 composite?
False
Is 287102251 a prime number?
True
Is 162841427 a prime number?
False
Is 3511007 a prime number?
True
Is 2999341 composite?
True
Is 1353238933 a prime number?
True
Is 1899553 composite?
True
Is 969685 a prime number?
False
Is 195572227 composite?
False
Is 358249 a prime number?
False
Is 1820897 a composite number?
True
Is 2415563 a prime number?
False
Is 91001797 a composite number?
True
Is 75722642 a prime number?
False
Is 86981 a prime number?
True
Is 16438393 a prime number?
True
Is 173625307 composite?
True
Is 173973583 composite?
True
Is 94420442 a composite number?
True
Is 16638383 a prime number?
False
Is 569651 prime?
False
Is 804929219 prime?
True
Is 13795601 composite?
False
Is 25873007 a composite number?
True
Is 8570161 composite?
False
Is 360947 prime?
True
Is 2083373 a prime number?
False
Is 5295241 a prime number?
False
Is 4474 a prime number?
False
Is 864413 a composite number?
True
Is 20208269 composite?
False
Is 17275607 a composite number?
True
Is 2476049 prime?
False
Is 15271943 a prime number?
False
Is 242079179 a prime number?
True
Is 22280017 prime?
True
Is 1646101 a composite number?
False
Is 166081 composite?
False
Is 9656431 prime?
False
Is 144103 a prime number?
True
Is 301423121 composite?
False
Is 5354917 a prime number?
True
Is 2084749 a composite number?
False
Is 41395621 composite?
True
Is 62255879 a composite number?
True
Is 766021 composite?
False
Is 17292445 prime?
False
Is 46718654 a composite number?
True
Is 1145269 a composite number?
False
Is 157687 a composite numbe